**3 - 35*s**2 + s - 15. Is l(-58) a composite number?
True
Suppose 3*x + 3*n = 12, n - 6 = -3*x + x. Suppose x*y = -y - 99. Is (105/y - -3) + (-7233)/(-33) prime?
False
Let i be (-87)/((-80)/(-48) - 1402/852). Let d = 7759 + i. Is d a prime number?
False
Let q(u) = 6229*u**3 - u**2 - 1. Let f = 155 - 154. Is q(f) composite?
True
Let m be ((-27)/45)/(((-10)/(-25))/(-2)). Suppose -3*n + 8*b - m*b = -53851, 5*b = 2*n - 35904. Is n prime?
False
Let t = 27 - 19. Suppose 12 = 3*r, r + t = 2*p + 3*r. Suppose -13*q + 10*q + 1083 = p. Is q a prime number?
False
Suppose 0 = -17*u + 48653 + 41838. Is u a prime number?
True
Let p = -380 - -382. Suppose -13706 = -p*q - 4*s, -4 = s + 1. Is q a prime number?
True
Let r = 922 + 4017. Is r a prime number?
False
Suppose -31*m - 491596 = -33*m - o, 0 = -2*m + 2*o + 491590. Is m composite?
True
Let u = -54 - -91. Let r = 38 - u. Is ((-632)/(-16))/(r/22) a prime number?
False
Let l(c) = -161*c + 486. Let g be l(3). Let z be 11/2 + (-2)/4. Suppose 5*w + 2367 = g*p, p - 1578 = -p - z*w. Is p a composite number?
True
Let o(a) = -3*a + 22. Let x = -46 - -53. Let i be o(x). Is (1295/10 - i)*2 a prime number?
True
Suppose 7*n + 9*n = -0*n + 355856. Is n prime?
False
Let p = 1749102 + -1138915. Is p a composite number?
False
Let t = 219115 - 107852. Is t prime?
True
Let p = -5221 - -6806. Is p a composite number?
True
Suppose 18 = q - 3*y, -10*y = 3*q - 8*y + 1. Suppose -3*c = -q*f - 48, 0 = -2*c + c - f + 20. Let n(h) = 23*h - 17. Is n(c) a composite number?
False
Suppose -5*x + 3*c - 40 = -55, 25 = -5*c. Is ((x - -1)*104633/19)/1 a composite number?
False
Suppose -16*l = r - 13*l - 38161, -2*l = -4*r + 152672. Is r a prime number?
True
Let s(k) = -4*k - 86. Let y be s(-22). Suppose -15*d - 404 = -y*g - 13*d, 4*d = -4*g + 784. Is g composite?
False
Let a(v) = 8*v - 21. Let l be a(5). Suppose 816 = l*u - 15*u. Let j = 731 - u. Is j a composite number?
True
Suppose -3*c - 1111402 = -5*v + 986574, -3*v = -4*c - 1258801. Is v prime?
True
Let h be 195 + -2*(1 - -1)/(-4). Let d = 55 + h. Is d prime?
True
Suppose -4*i = -5*r - 8219, 0 = -4*r + 8 - 20. Let u = 802 - i. Is (-2 - -1)*u/1 a composite number?
False
Let g be (-25)/(-5) + -8 + 19. Suppose -g*n + 12*n = -20. Suppose -n*k + 1047 = 2*t, 2*k + 215 = 3*k - t. Is k prime?
True
Suppose 2*b = -3*c + 6, b + 12 = 5*b - 2*c. Suppose 6482 = b*l - 10324. Is l/4 - (-13)/26 composite?
True
Is (-990194)/(-1) + (-2 - -9) a composite number?
True
Let j(i) = 71*i**3 + 25*i**2 - 2*i - 27. Is j(7) prime?
True
Suppose 12*t - 473 = t. Let u = t - 40. Suppose 2*j + 109 = u*j. Is j a prime number?
True
Let i be 363500/40 - (-2)/4. Let l = 14901 - i. Is l a composite number?
False
Let w = -3792 - -7923. Is w + 4 - (-2)/((-4)/(-6)) composite?
True
Let t(j) = 1286 + 10*j + 4*j**3 - 6*j**2 - 1317 + 0*j**3. Is t(11) a prime number?
False
Suppose 34*j - 37*j - 5*q = 48935, q + 16311 = -j. Let h = j - -38809. Is h a prime number?
False
Suppose -38*b = -54*b + 32. Is ((-83310)/75)/(b/(-5)) composite?
False
Let q be ((-5)/4)/(2/8). Suppose 4*f + 3*n = 7, 8*f + 2*n - 10 = 4*f. Is -1 + (4557 - f) + q a prime number?
True
Is (-20477)/(6 - 372/60) composite?
True
Let v be (-2 + (-26)/4)/(4/(-8)). Let n = 35 - v. Suppose -4*f - n = -478. Is f prime?
False
Suppose q = -3*q - 48. Let y be 44*1 - q/3. Let t = y - -5. Is t a composite number?
False
Let f = 434 - 434. Let g = -32 + 35. Suppose 4*s - 8157 = -3*q, f*q - g*q + 8157 = 3*s. Is q composite?
False
Let d be (-2 + -1)*12/9. Let m be 9/d*(160/(-24) - -4). Let h(p) = -p**3 + 9*p**2 - 13*p + 3. Is h(m) a prime number?
False
Is (20283/2)/(105/70) prime?
True
Let z = 49 - -15. Let h be (3339/(-28))/(-1 - (-62)/z). Suppose 5*o = 4769 + h. Is o composite?
True
Suppose 0 = 5*n + 23*m - 20*m - 848041, 0 = -4*n - m + 678430. Is n a composite number?
False
Suppose -y = 3*c - 0*c - 10, -5*y = -4*c + 45. Suppose -2*l = c*d - 20, -2*d = -4*d - 4*l + 8. Suppose -67 = d*o - 5*o. Is o composite?
False
Let v = 501 + -8. Suppose 5*p - v = 4*p + a, 1479 = 3*p - 2*a. Is p a prime number?
False
Suppose 279*p = 272*p + 14. Suppose -r + 16443 = p*t, 4*t - 3 - 5 = 0. Is r a prime number?
False
Let y(l) = -6*l - 1. Let s be y(-1). Let c = -14581 - -14584. Suppose -2*a = -3*w + 4587, -2*a + c*a = s*w - 7652. Is w composite?
False
Let u(t) = -330*t**2 + 4*t + 4. Let y = 63 + -64. Let k be u(y). Let x = k + 647. Is x composite?
False
Let j(z) = -16*z**3 + 3*z**2 + 4*z + 12. Let h be j(5). Is (-11)/(11/h) - 0/(-1) prime?
False
Let f = 433508 + 515969. Is f composite?
False
Let k = 323 + -452. Let g = k - -234. Is (-45)/g - 103*(-88)/14 prime?
True
Let w(b) = -68*b**2 + 4*b + 9. Let g(i) = -i**2 + 3*i - 1. Let n(p) = -2*g(p) - w(p). Is n(5) a composite number?
False
Let l(d) = d + 15. Let a be l(-27). Let i(q) = -q**3 - 10*q**2 - q - 2. Is i(a) prime?
False
Let o = 129 + -114. Is (-5 + 170/o)*501 prime?
False
Let c = -2589 - -3592. Let b be ((-6)/(-15))/((-2)/(-20)). Suppose -3*a = -2*o + b*o - c, -2*a + 694 = -5*o. Is a prime?
True
Suppose 0 = -14*u + 6809 + 16963. Let k = 3689 - u. Is k a prime number?
False
Let o = -20519 - -35910. Is o a composite number?
False
Suppose 2*g - 5*x + 23103 = 99161, 2*x - 114125 = -3*g. Is g prime?
True
Is 52/130 + 1723582/70 a composite number?
False
Let x(h) = -35*h**2 - 18*h + 100. Let r be x(8). Suppose -2*a - 3879 = a. Let c = a - r. Is c a composite number?
False
Let i be (-256)/(-14) - (180/42 + -4). Let v(l) = -l**3 + 19*l**2 + 2*l - 33. Let r be v(i). Suppose g = -r + 2366. Is g a composite number?
False
Let j be (-38*1)/(((-16)/18484)/(-2)). Is (-3 + 0)/(57/j) a composite number?
False
Let i = 59633 - 40674. Is i a composite number?
False
Let y(i) be the first derivative of -i**2/2 + 7*i - 10. Let b be y(2). Suppose -b*o - 9813 = -8*o. Is o a composite number?
False
Let r = 6140 - -25048. Let y = -17821 + r. Is y a prime number?
True
Is (2051642/(-62))/(0 + -1) a composite number?
False
Let d = 10 - 8. Let s(b) = 6*b + 3*b + 7 - 4*b**2 - b**3 + d*b. Is s(-6) a prime number?
True
Suppose 5*l = 5*n - 15, 4*n + 2*l = 5*n - 3. Suppose 3*c - 26 = n*q + 49, q - 5 = 0. Suppose -p = -c - 101. Is p a prime number?
True
Let r(w) = 1702*w - 256. Let j be r(-11). Is (11/6 + -2)*j a composite number?
False
Let n(f) = f**3 + 166*f**2 + 134*f + 81. Is n(-82) composite?
True
Let l(p) = -p**3 - 14*p**2 + 8. Let z(c) = -10*c - 4. Let r be z(1). Let f be l(r). Let v(y) = 3*y**3 - 12*y**2 + 10*y + 5. Is v(f) composite?
False
Suppose -10*v + 1374986 = 443296. Is v a prime number?
True
Let r(l) = -296*l**3 + l**2 + 38*l + 188. Is r(-15) a composite number?
False
Suppose -2*z = 5*i - 2400019, 4*z = -5*i + 675452 + 1724581. Is i prime?
False
Suppose -705 = 4*t + 271. Suppose -19*m + 51367 = 13*m - m. Let p = m - t. Is p a composite number?
False
Suppose 5*b + 2675 = 4*q, 4*b + 4*q = -2067 - 109. Suppose -4*n = 4*m - 3*n + 6499, 5*m = 2*n - 8140. Let a = b - m. Is a a composite number?
False
Let k = -76687 + 173898. Is k composite?
True
Let l be (6/10)/(-2 - 287/(-140)). Suppose -11*n = -l*n + 2407. Is n a prime number?
False
Let v = 45 - -18. Let a = v + -63. Suppose -8*z + 4927 - 1575 = a. Is z prime?
True
Let t be 5/(-1)*(-49224)/(-105). Let i = -1593 - t. Is i composite?
False
Suppose 1158791 - 765693 = 270*n - 1377292. Is n a prime number?
False
Suppose 11*x - 3038988 = -736501. Is x a prime number?
True
Let f(v) = 28*v**2 - 10*v + 41. Let j = 20 - 34. Is f(j) composite?
False
Is (-592)/2220 - (-2084078)/30 a prime number?
False
Let c be (-14)/(-21)*(-7449)/(-2). Let s = 3163 + -659. Suppose 5*d - 9*i + 6*i - s = 0, -5*d = 4*i - c. Is d composite?
False
Let b be -2 + (-2 - (-1 + 4)). Let n be (2/b)/(1/(-7)). Suppose 761 = y + 3*l, n*y - l + 0*l = 1536. Is y a prime number?
False
Let x be ((-1)/3)/(58/30 - 2). Suppose 4*k - 6330 = -q, 4*k - x*q - 3198 = 3144. Suppose 3*b - k = 5*f - 7353, -2*f - 3*b = -2287. Is f a composite number?
False
Suppose -1390 = 10*s - 15*s. Let b be (-4)/(-8) + 1401/2. Suppose s = j - b. Is j prime?
False
Let m(s) = -2*s**3 - 7*s + s**3 - s**2 - 6*s**2 + 11 - 14. Let x be m(-6). Suppose x*b - 6*k - 381 = -2*k, 2*b - 4*k = 254. Is b composite?
False
Is (-22 + (-7371225)/50)/(3/(-6)) prime?
True
Is 75 + -87 + 28656 + -1 composite?